{"id":515,"date":"2016-05-11T13:49:10","date_gmt":"2016-05-11T13:49:10","guid":{"rendered":"http:\/\/wpoffice\/enfold-fitness\/?page_id=515"},"modified":"2022-09-01T19:26:51","modified_gmt":"2022-09-01T17:26:51","slug":"chi-siamo-a-propos","status":"publish","type":"page","link":"https:\/\/miageconsulting.com\/index.php\/chi-siamo-a-propos\/","title":{"rendered":"Chi siamo"},"content":{"rendered":"<div id='welcome' class='av-layout-grid-container entry-content-wrapper main_color av-fixed-cells    avia-builder-el-0  el_before_av_section  avia-builder-el-first  container_wrap sidebar_right' style=' '  >\n<div class=\"flex_cell no_margin av_one_third  avia-builder-el-1  el_before_av_cell_one_third  avia-builder-el-first   av-zero-padding \" style='height:15px; min-height:15px;background: #009fe3; vertical-align:top; padding:0px; background-color:#009fe3; '><div class='flex_cell_inner' ><\/div><\/div><div class=\"flex_cell no_margin av_one_third  avia-builder-el-2  el_after_av_cell_one_third  el_before_av_cell_one_third   av-zero-padding \" style='height:15px; min-height:15px;background: #009fe3; vertical-align:top; padding:0px; background-color:#009fe3; '><div class='flex_cell_inner' ><\/div><\/div><div class=\"flex_cell no_margin av_one_third  avia-builder-el-3  el_after_av_cell_one_third  avia-builder-el-last   av-zero-padding \" style='height:15px; min-height:15px;background: #009fe3; vertical-align:top; padding:0px; background-color:#009fe3; '><div class='flex_cell_inner' ><\/div><\/div>\n<\/div>\n<div id='av_section_1' class='avia-section main_color avia-section-large avia-no-border-styling avia-bg-style-scroll  avia-builder-el-4  el_after_av_layout_row  el_before_av_layout_row   container_wrap sidebar_right' style=' '  ><div class='container' ><div class='template-page content  av-content-small alpha units'><div class='post-entry post-entry-type-page post-entry-515'><div class='entry-content-wrapper clearfix'>\n<div class=\"flex_column av_one_half  flex_column_div av-zero-column-padding first  avia-builder-el-5  el_before_av_one_half  avia-builder-el-first  \" style='border-radius:0px; '><p><div style='padding-bottom:10px; ' class='av-special-heading av-special-heading-h1    avia-builder-el-6  el_before_av_textblock  avia-builder-el-first  '><h1 class='av-special-heading-tag '  itemprop=\"headline\"  >Chi siamo<\/h1><div class='special-heading-border'><div class='special-heading-inner-border' ><\/div><\/div><\/div><br \/>\n<section class=\"av_textblock_section \"  itemscope=\"itemscope\" itemtype=\"https:\/\/schema.org\/CreativeWork\" ><div class='avia_textblock  '   itemprop=\"text\" ><p>Miage nasce per dare continuit\u00e0 al lavoro di <a href=\"https:\/\/www.linkedin.com\/in\/thierry-cros-048b1219\/\" target=\"_blank\" rel=\"noopener\">Thierry Cros<\/a> e della sua squadra che, dal 1990, da supporto alle imprese italiane che si affacciano sul mercato francese e quelle francesi sul mercato italiano. Il nostro intervento consiste nel creare le condizioni per permettere ad un azienda di entrare sul mercato estero partendo da zero, oppure andando ad ottimizzare il management, l&#8217;organizzazione e il marketing nella fase di crescita del progetto.<\/p>\n<p>Perch\u00e9 Miage? Miage \u00e8 un valico alpino che fa da confine tra l&#8217;Italia e la Francia a sud del Monte Bianco. Non esistono n\u00e9 strade n\u00e9 sentieri per passare da un paese all&#8217;altro. Simbolicamente, rispecchia la nostra filosofia di creare delle passerelle\u00a0 tra i due paesi per accompagnare le aziende a sviluppare la loro attivit\u00e0.<\/p>\n<\/div><\/section><\/p><\/div><div class=\"flex_column av_one_half  flex_column_div av-zero-column-padding   avia-builder-el-8  el_after_av_one_half  avia-builder-el-last  \" style='border-radius:0px; '><p><div style='padding-bottom:10px; ' class='av-special-heading av-special-heading-h1    avia-builder-el-9  el_before_av_textblock  avia-builder-el-first  av-thin-font '><h1 class='av-special-heading-tag '  itemprop=\"headline\"  ><strong>A propos<\/strong><\/h1><div class='special-heading-border'><div class='special-heading-inner-border' ><\/div><\/div><\/div><br \/>\n<section class=\"av_textblock_section \"  itemscope=\"itemscope\" itemtype=\"https:\/\/schema.org\/CreativeWork\" ><div class='avia_textblock  '   itemprop=\"text\" ><p>Miage s&#8217;inscrit dans la continuit\u00e9 du travail de <a href=\"https:\/\/www.linkedin.com\/in\/thierry-cros-048b1219\/\" target=\"_blank\" rel=\"noopener\">Thierry Cros<\/a> et de son \u00e9quipe qui, depuis 1990, accompagnent des entreprises fran\u00e7aises \u00e0 s&#8217;implanter sur le march\u00e9 italien et italiennes sur le march\u00e9 fran\u00e7ais. Nous intervenons aussi bien en amont quand tout est \u00e0 cr\u00e9er qu&#8217;en phase de d\u00e9veloppement en optimisant le management, l&#8217;organisation et le marketing du projet.<\/p>\n<p>Pourquoi le nom de Miage? Miage est un sommet alpin qui marque la fronti\u00e8re entre la France et l&#8217;Italie, au sud du Mont Blanc. Aucune route ou chemin ne permet d&#8217;y passer la fronti\u00e8re. Symboliquement, nous y voyons la philosophie de notre entreprise: cr\u00e9er des passerelles entre les deux pays pour accompagner les entreprises dans leur d\u00e9veloppement.<\/p>\n<\/div><\/section><\/p><\/div><\/div><\/div><\/div><!-- close content main div --><\/div><\/div><div id='welcome' class='av-layout-grid-container entry-content-wrapper main_color av-fixed-cells    avia-builder-el-11  el_after_av_section  avia-builder-el-last  submenu-not-first container_wrap sidebar_right' style=' '  >\n<div class=\"flex_cell no_margin av_one_third  avia-builder-el-12  el_before_av_cell_one_third  avia-builder-el-first   av-zero-padding \" style='height:15px; min-height:15px;background: #009fe3; vertical-align:top; padding:0px; background-color:#009fe3; '><div class='flex_cell_inner' ><\/div><\/div><div class=\"flex_cell no_margin av_one_third  avia-builder-el-13  el_after_av_cell_one_third  el_before_av_cell_one_third   av-zero-padding \" style='height:15px; min-height:15px;background: #009fe3; vertical-align:top; padding:0px; background-color:#009fe3; '><div class='flex_cell_inner' ><\/div><\/div><div class=\"flex_cell no_margin av_one_third  avia-builder-el-14  el_after_av_cell_one_third  avia-builder-el-last   av-zero-padding \" style='height:15px; min-height:15px;background: #009fe3; vertical-align:top; padding:0px; background-color:#009fe3; '><div class='flex_cell_inner' ><\/div><\/div>\n<\/div><\/p>\n","protected":false},"excerpt":{"rendered":"","protected":false},"author":1,"featured_media":0,"parent":0,"menu_order":0,"comment_status":"closed","ping_status":"closed","template":"","meta":{"footnotes":""},"_links":{"self":[{"href":"https:\/\/miageconsulting.com\/index.php\/wp-json\/wp\/v2\/pages\/515"}],"collection":[{"href":"https:\/\/miageconsulting.com\/index.php\/wp-json\/wp\/v2\/pages"}],"about":[{"href":"https:\/\/miageconsulting.com\/index.php\/wp-json\/wp\/v2\/types\/page"}],"author":[{"embeddable":true,"href":"https:\/\/miageconsulting.com\/index.php\/wp-json\/wp\/v2\/users\/1"}],"replies":[{"embeddable":true,"href":"https:\/\/miageconsulting.com\/index.php\/wp-json\/wp\/v2\/comments?post=515"}],"version-history":[{"count":7,"href":"https:\/\/miageconsulting.com\/index.php\/wp-json\/wp\/v2\/pages\/515\/revisions"}],"predecessor-version":[{"id":1287,"href":"https:\/\/miageconsulting.com\/index.php\/wp-json\/wp\/v2\/pages\/515\/revisions\/1287"}],"wp:attachment":[{"href":"https:\/\/miageconsulting.com\/index.php\/wp-json\/wp\/v2\/media?parent=515"}],"curies":[{"name":"wp","href":"https:\/\/api.w.org\/{rel}","templated":true}]}}